s digit of 153240?
2
What is the hundreds digit of 2445?
4
What is the tens digit of 51299?
9
What is the thousands digit of 14909?
4
What is the hundreds digit of 11064?
0
What is the units digit of 7005?
5
What is the thousands digit of 2066?
2
What is the hundreds digit of 1204?
2
What is the units digit of 13342?
2
What is the tens digit of 3112?
1
What is the tens digit of 19968?
6
What is the hundreds digit of 836?
8
What is the units digit of 423?
3
What is the units digit of 8884?
4
What is the hundreds digit of 310?
3
What is the hundreds digit of 352?
3
What is the hundreds digit of 210?
2
What is the hundred thousands digit of 100064?
1
What is the thousands digit of 2676?
2
What is the thousands digit of 23101?
3
What is the units digit of 22078?
8
What is the units digit of 880?
0
What is the tens digit of 404?
0
What is the tens digit of 1987?
8
What is the hundreds digit of 13396?
3
What is the units digit of 5541?
1
What is the tens digit of 8423?
2
What is the hundreds digit of 2224?
2
What is the thousands digit of 13348?
3
What is the thousands digit of 8384?
8
What is the hundreds digit of 4377?
3
What is the tens digit of 44?
4
What is the tens digit of 1871?
7
What is the tens digit of 243?
4
What is the hundreds digit of 2422?
4
What is the units digit of 4595?
5
What is the units digit of 11271?
1
What is the units digit of 23?
3
What is the units digit of 2198?
8
What is the tens digit of 3338?
3
What is the units digit of 30222?
2
What is the hundreds digit of 4027?
0
What is the tens digit of 51206?
0
What is the thousands digit of 65941?
5
What is the thousands digit of 17632?
7
What is the hundreds digit of 1040?
0
What is the tens digit of 43352?
5
What is the units digit of 3024?
4
What is the thousands digit of 6243?
6
What is the thousands digit of 1569?
1
What is the units digit of 428?
8
What is the tens digit of 5269?
6
What is the thousands digit of 4286?
4
What is the units digit of 13177?
7
What is the thousands digit of 1312?
1
What is the thousands digit of 53639?
3
What is the hundreds digit of 949?
9
What is the tens digit of 47707?
0
What is the units digit of 11229?
9
What is the tens digit of 37122?
2
What is the units digit of 14133?
3
What is the units digit of 1471?
1
What is the hundreds digit of 10941?
9
What is the units digit of 3012?
2
What is the units digit of 28?
8
What is the thousands digit of 1048?
1
What is the tens digit of 69244?
4
What is the units digit of 33805?
5
What is the ten thousands digit of 28163?
2
What is the thousands digit of 39867?
9
What is the thousands digit of 33806?
3
What is the ten thousands digit of 30507?
3
What is the units digit of 1406?
6
What is the units digit of 1688?
8
What is the ten thousands digit of 17262?
1
What is the thousands digit of 3823?
3
What is the units digit of 487?
7
What is the thousands digit of 2004?
2
What is the units digit of 6566?
6
What is the tens digit of 25023?
2
What is the hundreds digit of 141426?
4
What is the hundreds digit of 28241?
2
What is the tens digit of 804?
0
What is the thousands digit of 22482?
2
What is the thousands digit of 6271?
6
What is the tens digit of 127221?
2
What is the units digit of 35300?
0
What is the thousands digit of 5975?
5
What is the thousands digit of 3951?
3
What is the tens digit of 1948?
4
What is the thousands digit of 39705?
9
What is the hundreds digit of 535?
5
What is the tens digit of 41?
4
What is the thousands digit of 6850?
6
What is the thousands digit of 4311?
4
What is the units digit of 52965?
5
What is the hundreds digit of 1833?
8
What is the thousands digit of 4190?
4
What is the tens digit of 167?
6
What is the tens digit of 82497?
9
What is the hundreds digit of 33801?
8
What is the tens digit of 5867?
6
What is the thousands digit of 8050?
8
What is the tens digit of 401?
0
What is the tens digit of 4604?
0
What is the units digit of 34841?
1
What is the hundreds digit of 59839?
8
What is the tens digit of 23682?
8
What is the tens digit of 20782?
8
What is the hundreds digit of 627?
6
What is the hundreds digit of 25316?
3
What is the tens digit of 1148?
4
What is the tens digit of 111701?
0
What is the hundreds digit of 11481?
4
What is the units digit of 555?
5
What is the tens digit of 849?
4
What is the hundreds digit of 38945?
9
What is the hundreds digit of 29315?
3
What is the units digit of 1187?
7
What is the tens digit of 1637?
3
What is the hundreds digit of 41223?
2
What is the units digit of 76?
6
What is the tens digit of 406?
0
What is the hundreds digit of 4419?
4
What is the thousands digit of 1876?
1
What is the thousands digit of 26847?
6
What is the tens digit of 653?
5
What is the tens digit of 3200?
0
What is the thousands digit of 5257?
5
What is the thousands digit of 5710?
5
What is the thousands digit of 1579?
1
What is the hundreds digit of 914?
9
What is the hundreds digit of 147?
1
What is the tens digit of 2518?
1
What is the ten thousands digit of 65734?
6
What is the ten thousands digit of 10421?
1
What is the units digit of 2222?
2
What is the units digit of 4011?
1
What is the units digit of 2816?
6
What is the hundreds digit of 1649?
6
What is the thousands digit of 1335?
1
What is the tens digit of 48?
4
What is the hundreds digit of 543?
5
What is the units digit of 1031?
1
What is the hundreds digit of 796?
7
What is the hundreds digit of 1806?
8
What is the tens digit of 525?
2
What is the thousands digit of 2262?
2
What is the units digit of 826?
6
What is the thousands digit of 14470?
4
What is the units digit of 134?
4
What is the units digit of 1467?
7
What is the tens digit of 487?
8
What is the tens digit of 24212?
1
What is the tens digit of 5022?
2
What is the tens digit of 6858?
5
What is the units digit of 87476?
6
What is the ten thousands digit of 12180?
1
What is the hundreds digit of 1532?
5
What is the units digit of 35093?
3
What is the units digit of 7279?
9
What is the hundreds digit of 1440?
4
What is the thousands digit of 3526?
3
What is the ten thousands digit of 18533?
1
What is the units digit of 100?
0
What is the tens digit of 3821?
2
What is the units digit of 219?
9
What is the thousands digit of 4252?
4
What is the tens digit of 4780?
8
What is the units digit of 1564?
4
What is the tens digit of 6494?
9
What is the thousands digit of 27357?
7
What is the tens digit of 505?
0
What is the thousands digit of 1221?
1
What is the tens digit of 3466?
6
What is the hundreds digit of 14519?
5
What is the units digit of 123817?
7
What is the hundreds digit of 20250?
2
What is the thousands digit of 1582?
1
What is the hundreds digit of 2103?
1
What is the tens digit of 114495?
9
What is the thousands digit of 1941?
1
What is the units digit of 7661?
1
What is the tens digit of 1528?
2
What is the hundreds digit of 4347?
3
What is the hundreds digit of 766?
7
What is the hundreds digit of 14808?
8
What is the hundreds digit of 821?
8
What is the hundreds digit of 1640?
6
What is the tens digit of 336?
3
What is the hundreds digit of 533?
5
What is the hundreds digit of 2476?
4
What is the hundreds digit of 310?
3
What is the units digit of 28581?
1
What is the tens digit of 1239?
3
What is the tens digit of 10166?
6
What is the thousands digit of 2656?
2
What is the tens digit of 3342?
4
What is the tens digit of 2919?
1
What is the tens digit of 2636?
3
What is the hundreds digit of 2446?
4
What is the tens digit of 2502?
0
What is the units digit of 117562?
2
What is the thousands digit of 36336?
6
What is the thousands digit of 10519?
0
What is the units digit of 1136?
6
What is the tens digit of 438?
3
What is the thousands digit of 25540?
5
What is the units digit of 650?
0
What is the hundreds digit of 87915?
9
What is the thousands digit of 2466?
2
What is the hundreds digit of 1654?
6
What is the hundreds digit of 847?
8
What is the tens digit of 790?
9
What is the thousands digit of 7662?
7
What is the units digit of 12528?
8
What is the thousands digit of 7360?
7
What is the hundreds digit of 389?
3
What is the hundreds digit of 2329?
3
What is the hundreds digit of 24832?
8
What is the hundreds digit of 124650?
6
What is the thousands digit of 2895?
2
What is the units digit of 37301?
1
W